der when 17913 is divided by 169.
168
What is the remainder when 248 is divided by 83?
82
Calculate the remainder when 219 is divided by 106.
7
What is the remainder when 2662 is divided by 36?
34
Calculate the remainder when 263 is divided by 11.
10
What is the remainder when 794 is divided by 16?
10
Calculate the remainder when 390 is divided by 127.
9
Calculate the remainder when 697 is divided by 37.
31
What is the remainder when 309 is divided by 63?
57
What is the remainder when 26 is divided by 21?
5
What is the remainder when 245 is divided by 31?
28
What is the remainder when 724 is divided by 56?
52
What is the remainder when 76 is divided by 65?
11
Calculate the remainder when 323 is divided by 102.
17
Calculate the remainder when 613 is divided by 15.
13
What is the remainder when 765 is divided by 154?
149
What is the remainder when 471 is divided by 112?
23
Calculate the remainder when 204 is divided by 35.
29
Calculate the remainder when 1041 is divided by 91.
40
Calculate the remainder when 264 is divided by 18.
12
Calculate the remainder when 681 is divided by 62.
61
What is the remainder when 2661 is divided by 41?
37
What is the remainder when 40492 is divided by 15?
7
What is the remainder when 683 is divided by 12?
11
What is the remainder when 32 is divided by 29?
3
Calculate the remainder when 230 is divided by 46.
0
Calculate the remainder when 102 is divided by 61.
41
Calculate the remainder when 575 is divided by 35.
15
Calculate the remainder when 302 is divided by 84.
50
What is the remainder when 176 is divided by 57?
5
Calculate the remainder when 2582 is divided by 12.
2
What is the remainder when 116 is divided by 24?
20
What is the remainder when 132 is divided by 24?
12
Calculate the remainder when 342 is divided by 61.
37
What is the remainder when 11995 is divided by 43?
41
Calculate the remainder when 4296 is divided by 20.
16
What is the remainder when 942 is divided by 58?
14
Calculate the remainder when 86 is divided by 73.
13
What is the remainder when 326 is divided by 18?
2
What is the remainder when 241 is divided by 29?
9
Calculate the remainder when 1529 is divided by 85.
84
What is the remainder when 2206 is divided by 48?
46
Calculate the remainder when 426 is divided by 42.
6
What is the remainder when 189 is divided by 10?
9
What is the remainder when 38 is divided by 15?
8
What is the remainder when 1090 is divided by 362?
4
Calculate the remainder when 438 is divided by 76.
58
Calculate the remainder when 648 is divided by 631.
17
Calculate the remainder when 158 is divided by 27.
23
Calculate the remainder when 265 is divided by 195.
70
Calculate the remainder when 292 is divided by 142.
8
What is the remainder when 2571 is divided by 172?
163
Calculate the remainder when 12693 is divided by 46.
43
What is the remainder when 792 is divided by 8?
0
Calculate the remainder when 330 is divided by 67.
62
Calculate the remainder when 1135 is divided by 13.
4
What is the remainder when 311 is divided by 4?
3
What is the remainder when 778 is divided by 322?
134
What is the remainder when 33 is divided by 20?
13
Calculate the remainder when 18996 is divided by 6329.
9
Calculate the remainder when 138 is divided by 64.
10
What is the remainder when 9415 is divided by 27?
19
What is the remainder when 136 is divided by 30?
16
Calculate the remainder when 568 is divided by 38.
36
What is the remainder when 1082 is divided by 528?
26
What is the remainder when 214 is divided by 27?
25
What is the remainder when 393 is divided by 67?
58
Calculate the remainder when 157 is divided by 56.
45
What is the remainder when 112 is divided by 32?
16
What is the remainder when 135 is divided by 46?
43
What is the remainder when 160 is divided by 142?
18
What is the remainder when 6 is divided by 2?
0
Calculate the remainder when 272 is divided by 69.
65
Calculate the remainder when 185 is divided by 17.
15
What is the remainder when 746 is divided by 258?
230
Calculate the remainder when 218 is divided by 43.
3
What is the remainder when 52 is divided by 18?
16
What is the remainder when 254 is divided by 3?
2
Calculate the remainder when 482 is divided by 23.
22
Calculate the remainder when 1872 is divided by 50.
22
What is the remainder when 89 is divided by 50?
39
What is the remainder when 512 is divided by 9?
8
What is the remainder when 1460 is divided by 210?
200
What is the remainder when 29037 is divided by 16?
13
Calculate the remainder when 66 is divided by 43.
23
What is the remainder when 995 is divided by 6?
5
Calculate the remainder when 294 is divided by 15.
9
What is the remainder when 2158 is divided by 180?
178
What is the remainder when 183 is divided by 38?
31
What is the remainder when 79 is divided by 40?
39
Calculate the remainder when 124 is divided by 12.
4
Calculate the remainder when 959 is divided by 31.
29
What is the remainder when 142 is divided by 36?
34
What is the remainder when 659 is divided by 17?
13
What is the remainder when 2666 is divided by 21?
20
Calculate the remainder when 5444 is divided by 5.
4
Calculate the remainder when 553 is divided by 18.
13
Calculate the remainder when 687 is divided by 93.
36
Calculate the remainder when 624 is divided by 39.
0
Calculate the remainder when 1927 is divided by 109.
74
What is the remainder when 1073 is divided by 46?
15
What is the remainder when 340 is divided by 27?
16
Calculate the remainder when 360 is divided by 50.
10
Calculate the remainder when 77 is divided by 8.
5
Calculate the remainder when 248 is divided by 110.
28
Calculate the remainder when 780 is divided by 9.
6
Calculate the remainder when 235 is divided by 5.
0
Calculate the remainder when 145 is divided by 10.
5
What is the remainder when 439 is divided by 63?
61
Calculate the remainder when 310 is divided by 146.
18
Calculate the remainder when 203 is divided by 51.
50
Calculate the remainder when 17687 is divided by 268.
267
Calculate the remainder when 425 is divided by 140.
5
What is the remainder when 163 is divided by 85?
78
What is the remainder when 1129 is divided by 102?
7
Calculate the remainder when 216 is divided by 63.
27
What is the remainder when 3563 is divided by 66?
65
What is the remainder when 97 is divided by 91?
6
What is the remainder when 1076 is divided by 83?
80
What is the remainder when 359 is divided by 18?
17
Calculate the remainder when 290 is divided by 49.
45
What is the remainder when 151 is divided by 40?
31
Calculate the remainder when 188 is divided by 48.
44
Calculate the remainder when 582 is divided by 290.
2
What is the remainder when 64 is divided by 29?
6
Calculate the remainder when 6799 is divided by 81.
76
Calculate the remainder when 231 is divided by 143.
88
What is the remainder when 180 is divided by 84?
12
What is the remainder when 539 is divided by 106?
9
Calculate the remainder when 619 is divided by 27.
25
What is the remainder when 218 is divided by 13?
10
Calculate the remainder when 81 is divided by 5.
1
What is the remainder when 1212 is divided by 303?
0
Calculate the remainder when 645 is divided by 138.
93
What is the remainder when 86 is divided by 46?
40
Calculate the remainder when 1409 is divided by 47.
46
Calculate the remainder when 1184 is divided by 27.
23
Calculate the remainder when 199 is divided by 27.
10
Calculate the remainder when 1407 is divided by 83.
79
What is the remainder when 480 is divided by 21?
18
What is the remainder when 15500 is divided by 46?
44
What is the remainder when 478 is divided by 23?
18
Calculate the remainder when 110 is divided by 98.
12
What is the remainder when 153 is divided by 151?
2
Calculate the remainder when 385 is divided by 42.
7
Calculate the remainder when 1147 is divided by 391.
365
Calculate the remainder when 1110 is divided by 20.
10
Calculate the remainder when 627 is divided by 95.
57
Calculate the remainder when 1853 is divided by 265.
263
What is the remainder when 5734 is divided by 26?
14
Calculate the remainder when 362 is divided by 128.
106
What is the remainder when 566 is divided by 10?
6
What is the remainder when 719 is divided by 16?
15
Calculate the remainder when 217 is divided by 57.
46
Calculate the remainder when 